e o(-20).
-84
Let t(w) = w**2 - 1148*w + 11378. Give t(10).
-2
Let w(g) = g**3 - 55*g**2 - 4*g + 151. Give w(55).
-69
Let g(n) = -7*n**2 - 77*n + 229. Determine g(-13).
47
Let j(d) = 18*d**3 + 263*d**2 + 263*d. Calculate j(-1).
-18
Let l(v) = -v**2 + 57*v - 44. Calculate l(55).
66
Let h(k) = -k**2 - 20*k - 21. Calculate h(-1).
-2
Let q(s) = 13*s**2 - 27*s + 2. Give q(-4).
318
Let b(q) = 56*q - 106. Calculate b(3).
62
Let p(w) = 1821*w + 25503. Calculate p(-14).
9
Let p(t) = -2*t**2 + 18*t + 13. Give p(10).
-7
Let i(h) = 5*h**2 - 9*h + 20. What is i(2)?
22
Let a(b) = 33*b + 79. Determine a(-1).
46
Let m(l) = -l**3 + l**2 - 8*l - 48. Give m(0).
-48
Let n(i) = i**2 + 5*i - 406. Give n(20).
94
Let m(p) = 210*p - 130. Give m(-3).
-760
Let v(i) = 111*i**2 + 5885*i + 117. What is v(-53)?
11
Let z(t) = 47*t - 115. Determine z(6).
167
Let h(t) = t**3 - 25*t**2 - 22*t + 97. What is h(26)?
201
Let b(z) = -33*z - 300. Determine b(-9).
-3
Let q(n) = 57*n - 249. What is q(7)?
150
Let z(p) = -173*p + 3270. Determine z(19).
-17
Let u(x) = x**2 - 7*x - 290. Give u(22).
40
Let x(a) = 8*a**3 - 63*a**2 - 14*a + 32. Calculate x(8).
-16
Let b(j) = 229*j + 6179. Calculate b(-27).
-4
Let o(w) = -16*w - 159. Determine o(15).
-399
Let r(z) = -15*z**2 - 404*z + 889. What is r(-29)?
-10
Let a(w) = 129*w - 3719. Give a(30).
151
Let a(m) = -42*m - 234. Calculate a(-2).
-150
Let g(n) = 268*n + 808. What is g(-3)?
4
Let s(k) = 35*k + 557. Give s(-20).
-143
Let x(u) = -u**3 - 8*u**2 - 112*u - 891. Calculate x(-8).
5
Let a(u) = -u**3 - 16*u**2 - 428*u - 6830. Calculate a(-16).
18
Let p(j) = -24*j**2 + 3*j + 15. Calculate p(-2).
-87
Let w(c) = c**3 - 32*c**2 + 37*c - 194. Give w(30).
-884
Let p(j) = -13*j - 559. Determine p(-42).
-13
Let o(y) = -y**2 + 26*y + 83. What is o(29)?
-4
Let r(n) = -n**2 - 110*n + 7582. What is r(48)?
-2
Let h(m) = 764*m - 2595. What is h(4)?
461
Let l(m) = -m**2 + 1721*m + 13832. Determine l(-8).
0
Let h(k) = -1102*k + 27550. What is h(25)?
0
Let d(i) = 18*i**2 + 147*i + 2. What is d(-7)?
-145
Let l(y) = 54*y + 268. What is l(-6)?
-56
Let y(b) = 5*b - 70. Give y(5).
-45
Let i(w) = -3*w**2 + 864*w + 22477. Determine i(312).
13
Let d(k) = 6*k**2 - 4*k - 11. Determine d(-3).
55
Let y(p) = p**2 - 24*p - 756. What is y(42)?
0
Let g(c) = -c**3 - 10*c**2 - 28*c + 3. What is g(-10)?
283
Let o(s) = s**3 - 15*s**2 - 47*s + 4. Calculate o(-6).
-470
Let k(n) = -13*n**3 - 95*n**2 - 34*n - 26. Give k(-7).
16
Let k(l) = l**3 + 93*l**2 + 80*l - 1128. What is k(-92)?
-24
Let a(o) = 22*o - 307. What is a(14)?
1
Let d(i) = -4*i**2 + 6*i + 46. Give d(5).
-24
Let q(y) = -y**2 - 35*y - 140. What is q(-5)?
10
Let l(c) = 44*c + 1139. Give l(-26).
-5
Let t(w) = -w**3 + 11*w**2 - 11*w + 13. Calculate t(10).
3
Let m(b) = -15*b**3 - 3*b**2 + 22*b + 56. Give m(-3).
368
Let q(s) = -s**3 - 6*s**2 - 15*s. Determine q(-5).
50
Let d(v) = -134*v - 1199. What is d(-9)?
7
Let a(k) = -2*k**3 - 10*k**2 + 22*k - 442. What is a(-9)?
8
Let n(w) = 3*w**2 + 9*w + 52. Calculate n(-8).
172
Let z(m) = m**2 - 141*m - 582. What is z(-4)?
-2
Let g(a) = -14*a**2 + 531*a + 79. Give g(38).
41
Let b(n) = -80*n - 1270. Calculate b(-16).
10
Let t(r) = 2*r**3 + 10*r**2 - 2*r + 9. Give t(-5).
19
Let k(u) = 9*u**2 + 73*u - 215. Give k(3).
85
Let a(r) = r**3 + 7*r**2 - 576*r - 4023. What is a(-7)?
9
Let g(c) = -c**3 - 19*c**2 + 130*c + 242. Give g(-24).
2
Let b(m) = m**3 + 22*m**2 + 12*m - 195. Calculate b(-21).
-6
Let d(v) = -v**2 + 22*v + 111. Calculate d(-5).
-24
Let t(a) = 2*a**3 + 376*a**2 + 1108*a - 380. Determine t(-185).
-10
Let k(p) = -401*p - 2000. Determine k(-5).
5
Let i(o) = -6*o**3 + 33*o**2 - 34*o + 6. What is i(5)?
-89
Let r(a) = 9*a**2 + 149*a + 114. Give r(-17).
182
Let f(y) = -362*y - 6890. Give f(-19).
-12
Let f(s) = s**2 - 51*s + 48. Calculate f(49).
-50
Let q(c) = -c**3 - 16*c**2 - 50*c + 18. Calculate q(-9).
-99
Let o(k) = k - 31. Calculate o(-9).
-40
Let u(s) = -6*s**3 - 77*s**2 - 236*s - 3235. What is u(-13)?
2
Let q(z) = 176*z - 643. Give q(4).
61
Let j(w) = 3*w**2 - 270*w - 13. What is j(89)?
-280
Let q(n) = n**3 + 118*n**2 + 222*n - 1174. What is q(-116)?
-14
Let z(t) = -1019*t + 1029. Determine z(1).
10
Let t(z) = -2*z**3 - 33*z**2 - 25*z - 123. What is t(-16)?
21
Let d(k) = -3*k**2 - 114*k + 4722. Give d(25).
-3
Let v(l) = l**3 + 19*l**2 - 310*l + 202. What is v(10)?
2
Let m(h) = 3*h**2 + 95*h + 167. What is m(-31)?
105
Let s(y) = y**3 - 25*y**2 - 12*y - 103. Determine s(25).
-403
Let f(k) = 2*k**3 + 52*k**2 + 44*k + 4. Give f(-25).
154
Let t(o) = o**2 - 87*o + 1005. Calculate t(71).
-131
Let x(p) = 5*p**3 - 9*p + 15. Calculate x(3).
123
Let q(w) = 1958*w - 15678. Calculate q(8).
-14
Let f(h) = -13*h**2 - 11*h - 19. Give f(-2).
-49
Let w(i) = -16*i + 948. Determine w(60).
-12
Let h(a) = a**3 + 4*a**2 - 7*a - 18. Give h(5).
172
Let f(c) = -c**2 - 32*c - 263. Give f(-15).
-8
Let q(w) = -789*w + 9505. Give q(12).
37
Let o(g) = 38*g + 537. Give o(-14).
5
Let z(r) = -r**3 - 24*r**2 - 43*r + 30. What is z(-22)?
8
Let s(j) = 4*j**2 - 326*j - 330. What is s(83)?
168
Let m(t) = 170*t + 3334. Calculate m(-21).
-236
Let a(f) = -f**3 - 314*f**2 + 947*f - 1264. Calculate a(-317).
4
Let c(h) = -2*h**2 - 53*h - 224. What is c(-20)?
36
Let g(t) = 9*t**2 + 197*t - 21. What is g(-23)?
209
Let b(d) = -d**3 + 19*d**2 - 78*d + 22. What is b(12)?
94
Let r(d) = 32*d**2 + 244*d + 245. Calculate r(-1).
33
Let q(u) = -45*u**2 + 1038*u - 33. Determine q(23).
36
Let o(j) = 3*j**3 + 4*j - 3. Give o(2).
29
Let t(d) = d**3 - 4*d**2 - d - 62. Calculate t(0).
-62
Let k(o) = -o**2 - 4*o - 21. Give k(7).
-98
Let g(l) = 51*l + 1439. What is g(-28)?
11
Let x(n) = 5*n - 79. Give x(16).
1
Let v(o) = -o**2 - 6*o + 31. What is v(-19)?
-216
Let n(y) = 2*y**2 - 55*y - 2982. Give n(55).
43
Let b(x) = 3*x**3 - 45*x**2 + x + 39. Give b(15).
54
Let y(b) = b**3 + 49*b**2 - 118*b - 107. Determine y(-51).
709
Let u(p) = p**3 - 32*p**2 - 2*p + 104. What is u(32)?
40
Let o(c) = -12*c**2 - 18*c + 75. What is o(6)?
-465
Let z(g) = -3*g**3 + 25*g**2 + 16*g. Give z(9).
-18
Let j(k) = 5*k**2 - 55*k + 47. Calculate j(1).
-3
Let a(h) = h**2 + 16*h + 167. Determine a(-7).
104
Let r(u) = 40*u - 40. What is r(2)?
40
Let j(x) = x**2 - 21*x - 448. Determine j(30).
-178
Let c(m) = 2*m**3 - 43*m**2 + 91*m - 641. Calculate c(20).
-21
Let m(x) = x**2 + 45*x + 271. Give m(-8).
-25
Let r(d) = -46*d + 2831. Determine r(62).
-21
Let g(r) = 3*r**2 - 54*r - 55. Give g(16).
-151
Let i(o) = o**3 + 14*o**2 - 13*o - 116. What is i(-12)?
328
Let m(y) = -y**2 - 19*y - 207. Determine m(-7).
-123
Let a(n) = -15*n - 24. Calculate a(13).
-219
Let u(z) = -578*z + 1709. Calculate u(3).
-25
Let v(q) = -124*q - 819. Calculate v(-7).
49
Let f(a) = -9*a**2 + 186*a + 240. Determine f(22).
-24
Let m(s) = s**2 - 61*s + 218. Determine m(57).
-10
Let q(c) = 11*c - 147. Give q(-23).
-400
Let f(t) = 2*t**3 + 4*t**2 - 2*t - 32. Determine f(4).
152
Let q(m) = m**2 + 71*m + 1286. Calculate q(-23).
182
Let n(z) = -2*z - 29. What is n(-13)?
-3
Let y(u) = -2*u**3 - 34*u**2 + 1715*u + 22. What is y(22)?
0
Let c(i) = i**3 - 30*i**2 + 94*i + 163. Give c(26).
-97
Let t(u) = -2*u**3 + 58*u**2 - 47*u + 1351. Calculate t(29).
-12
Let x(k) = k**3 + 84*k**2 + 400*k + 22. Calculate x(-5).
-3
Let u(v) = v**2 + 6*v - 475. Give u(19).
0
Let d(q) = -q**3 + 10*q**2 - 168*q + 1494. What is d(9)?
63
Let x(h) = -1839*h - 7360. Determine x(-4).
-4
Let d(g) = -58*g + 998. Determine d(17).
12
Let m(i) = -19*i - 604. What is m(-31)?
-15
Let w(h) = -h**3 - 11*h**2 - 6*h - 19. What is w(-9)?
-127
Let c(n) = -n**3 + 21*n**2 - 39*n + 108. Calculate c(19).
89
Let s(j) = -3*j**2 + 55*j - 5. Give s(21).
-173
Let j(u) = u**3 + 22*u**2 + 42*u + 17. What is j(-20)?
-23
Let i(f) = -97*f - 1463. What is i(-15)?
-8
Let h(a) = 304*a + 5161. Determine h(-17).
-7
Let w(f) = f**3 - 85*f**2 + 164*f + 168. What is w(83)?
2
Let q(a) = a**3 + 14*a**2 + 7*a + 1. Determine q(-7).
295
Let j(m) = m**2 - 36*m + 434. Give j(26).
174
Let k(m) = m**3 - 13*m**2 - 56*m + 25. Calculate k(16).
-103
Let w(f) = 4*f + 42. Determine w(0).
42
Let h(f) = -f - 37. Give h(10).
-47
Let d(r) = -r**3 - 26*r**2 + 24*r - 83. Give d(-27).
-2
Let g(s) = -2310*s - 27727. Determine g(-12).
-7
Let z(m) = m**3 - 23*m**2 + 62*m + 48. What is z(20)?
